{"id":733,"date":"2017-10-28T23:04:15","date_gmt":"2017-10-28T22:04:15","guid":{"rendered":"http:\/\/www.popap.fr\/?page_id=733"},"modified":"2017-12-30T21:08:24","modified_gmt":"2017-12-30T20:08:24","slug":"valeursajoutee","status":"publish","type":"page","link":"https:\/\/www.popap.fr\/index.php\/valeursajoutee\/","title":{"rendered":"VALEUR AJOUTEE"},"content":{"rendered":"<div style='padding-bottom:20px;font-size:40px;' class='av-special-heading av-special-heading-h2  blockquote modern-quote   av-inherit-size'><h2 class='av-special-heading-tag'  itemprop=\"headline\"  >Valeur ajout\u00e9e<\/h2><div class='special-heading-border'><div class='special-heading-inner-border' ><\/div><\/div><\/div>\n<\/div><\/div><\/div><!-- close content main div --><\/div><\/div><div id='plugins' class='av-tab-section-container entry-content-wrapper main_color av-tab-slide-transition av-tab-above-content  container_wrap sidebar_right'   ><div class='av-tab-section-outer-container'><div class='av-tab-section-tab-title-container avia-tab-title-padding-none av-custom-tab-color' style='background-color:#ffffff; color:#919191; '><a href='#' data-av-tab-section-title='1' class='av-section-tab-title  av-tab-with-icon av-tab-no-image  '><span class='av-tab-section-icon' aria-hidden='true' data-av_icon='\ue864' data-av_iconfont='entypo-fontello'><\/span><span class='av-outer-tab-title'><span class='av-inner-tab-title'>Une approche \"solution\"<\/span><\/span><span class='av-tab-arrow-container'><span><\/span><\/span><\/a><a href='#' data-av-tab-section-title='2' class='av-section-tab-title  av-tab-with-icon av-tab-no-image  '><span class='av-tab-section-icon' aria-hidden='true' data-av_icon='\ue812' data-av_iconfont='entypo-fontello'><\/span><span class='av-outer-tab-title'><span class='av-inner-tab-title'>Flexibilit\u00e9, Disponibilit\u00e9, Prix<\/span><\/span><span class='av-tab-arrow-container'><span><\/span><\/span><\/a><a href='#' data-av-tab-section-title='3' class='av-section-tab-title av-active-tab-title av-tab-with-icon av-tab-no-image  '><span class='av-tab-section-icon' aria-hidden='true' data-av_icon='\ue80a' data-av_iconfont='entypo-fontello'><\/span><span class='av-outer-tab-title'><span class='av-inner-tab-title'>Un seul interlocuteur<\/span><\/span><span class='av-tab-arrow-container'><span><\/span><\/span><\/a><\/div><div class='av-tab-section-inner-container avia-section-large' style='width:300vw; left:-200%;'><span class='av_prev_tab_section av_tab_navigation'><\/span><span class='av_next_tab_section av_tab_navigation'><\/span>\n<div data-av-tab-section-content=\"1\" class=\"av-layout-tab av-animation-delay-container    \" style='vertical-align:middle; background-color:#35383c; ' data-av-tab-color='#35383c' data-av-tab-bg-color='#35383c' ><div class='av-layout-tab-inner'><div class='container'><p><div class='flex_column_table av-equal-height-column-flextable' ><div class=\"flex_column av_three_fifth  flex_column_table_cell av-equal-height-column av-align-middle av-zero-column-padding first  \" style='border-radius:0px; '><p><div style='padding-bottom:0px;color:#ffffff;font-size:30px;' class='av-special-heading av-special-heading-h1 custom-color-heading blockquote modern-quote   av-inherit-size'><h1 class='av-special-heading-tag'  itemprop=\"headline\"  >Une approche dite \u00ab\u00a0solution\u00a0\u00bb<\/h1><div class='special-heading-border'><div class='special-heading-inner-border' style='border-color:#ffffff'><\/div><\/div><\/div><br \/>\n<div style=' margin-top:30px; margin-bottom:30px;'  class='hr hr-custom hr-left hr-icon-no '><span class='hr-inner   inner-border-av-border-fat' style=' width:50px; border-color:#ffffff;' ><span class='hr-inner-style'><\/span><\/span><\/div><br \/>\n<section class=\"av_textblock_section\"  itemscope=\"itemscope\" itemtype=\"https:\/\/schema.org\/CreativeWork\" ><div class='avia_textblock  av_inherit_color'  style='color:#ffffff; '  itemprop=\"text\" ><p class=\"entry-header\">Votre entreprise a besoin d&rsquo;\u00eatre relanc\u00e9e, elle a besoin d&rsquo;un seconde souffle. Le monde autour de nous change tr\u00e8s vite. Les concurrents arrivent, les besoins clients changent. Et entretemps, vos offres\u00a0se banalisent.\u00a0Votre offre de produit ou de service ne r\u00e9pond plus aux besoins clients.<\/p>\n<p class=\"entry-header\">Il est de temps de passer \u00e0 <strong>une approche dite \u00ab\u00a0solutions\u00a0\u00bb.<\/strong> Pour ce faire, nous ne prenons pas comme point de d\u00e9part l&rsquo;analyse de votre offre actuel et de ses fonctions initiales, mais<strong> nous cherchons d&rsquo;abord \u00e0 apporter une solution aux besoins actuels de vos prospects et clients<\/strong>.\u00a0Avec nos outils participatifs, nous vous permettons de mieux cerner vos prospects, de les qualifier, et d&rsquo;identifier leurs besoins.<\/p>\n<p class=\"entry-header\">Ensuite, en fonction du r\u00e9sultat, <strong>nous co-construisons votre marketing mix<\/strong>\u00a0(produit, prix, distribution, communication) <strong>afin qu&rsquo;il apporte la\u00a0solution pr\u00e9d\u00e9finie,<\/strong> et mettons\u00a0en avant\u00a0cette\u00a0valeur ajout\u00e9e dans toute votre communication interne et externe.<\/p>\n<\/div><\/section><\/p><\/div><div class='av-flex-placeholder'><\/div><div class=\"flex_column av_two_fifth  flex_column_table_cell av-equal-height-column av-align-middle av-zero-column-padding   \" style='border-radius:0px; '><p><div class='avia-image-container  av-styling-   avia-align-center '  itemscope=\"itemscope\" itemtype=\"https:\/\/schema.org\/ImageObject\"  ><div class='avia-image-container-inner'><img class='avia_image ' src='http:\/\/test.kriesi.at\/enfold-2017\/wp-content\/uploads\/sites\/24\/2015\/07\/features-5-845x684.jpg' alt='' title=''   itemprop=\"thumbnailUrl\"  \/><\/div><\/div><br \/>\n<div class='avia-image-container  av-styling-   avia-align-center '  itemscope=\"itemscope\" itemtype=\"https:\/\/schema.org\/ImageObject\"  ><div class='avia-image-container-inner'><img class='avia_image ' src='https:\/\/www.popap.fr\/wp-content\/uploads\/2017\/10\/iStock-658483422.jpg' alt='' title='Approche solution Pop AP Conseil'   itemprop=\"thumbnailUrl\"  \/><\/div><\/div><\/p><\/div><\/div><!--close column table wrapper. Autoclose:  --><\/p>\n<\/div><\/div><\/div><div data-av-tab-section-content=\"2\" class=\"av-layout-tab av-animation-delay-container    \" style='vertical-align:middle; background-color:#35383c; ' data-av-tab-color='#35383c' data-av-tab-bg-color='#35383c' ><div class='av-layout-tab-inner'><div class='container'><p><div class='flex_column_table av-equal-height-column-flextable' ><div class=\"flex_column av_two_fifth  flex_column_table_cell av-equal-height-column av-align-middle av-zero-column-padding first  \" style='border-radius:0px; '><p><div class='avia-image-container  av-styling-   avia-align-center '  itemscope=\"itemscope\" itemtype=\"https:\/\/schema.org\/ImageObject\"  ><div class='avia-image-container-inner'><img class='avia_image ' src='http:\/\/test.kriesi.at\/enfold-2017\/wp-content\/uploads\/sites\/24\/2015\/07\/features-1-845x684.jpg' alt='' title=''   itemprop=\"thumbnailUrl\"  \/><\/div><\/div><br \/>\n<div class='avia-image-container  av-styling-   avia-align-center '  itemscope=\"itemscope\" itemtype=\"https:\/\/schema.org\/ImageObject\"  ><div class='avia-image-container-inner'><img class='avia_image ' src='https:\/\/www.popap.fr\/wp-content\/uploads\/2017\/11\/iStock-859747522.jpg' alt='' title='Flexibilit\u00e9, disponibilit\u00e9, prix  - Pop AP Conseil'   itemprop=\"thumbnailUrl\"  \/><\/div><\/div><\/p><\/div><div class='av-flex-placeholder'><\/div><div class=\"flex_column av_three_fifth  flex_column_table_cell av-equal-height-column av-align-middle av-zero-column-padding   \" style='border-radius:0px; '><p><div style='padding-bottom:0px;color:#ffffff;font-size:30px;' class='av-special-heading av-special-heading-h1 custom-color-heading blockquote modern-quote   av-inherit-size'><h1 class='av-special-heading-tag'  itemprop=\"headline\"  >Flexibilit\u00e9, Disponibiit\u00e9, Prix<\/h1><div class='special-heading-border'><div class='special-heading-inner-border' style='border-color:#ffffff'><\/div><\/div><\/div><br \/>\n<div style=' margin-top:30px; margin-bottom:30px;'  class='hr hr-custom hr-left hr-icon-no '><span class='hr-inner   inner-border-av-border-fat' style=' width:50px; border-color:#ffffff;' ><span class='hr-inner-style'><\/span><\/span><\/div><br \/>\n<section class=\"av_textblock_section\"  itemscope=\"itemscope\" itemtype=\"https:\/\/schema.org\/CreativeWork\" ><div class='avia_textblock  av_inherit_color'  style='color:#ffffff; '  itemprop=\"text\" ><p>&#8230;font\u00a0partis de nos points forts.\u00a0S&rsquo;adresser \u00e0 des petites entreprises, d\u00e9laiss\u00e9es par des grands cabinets de conseil existants, signifie\u00a0s&rsquo;adapter \u00e0 leur fonctionnement, \u00e0 la disponibilit\u00e9 de l&rsquo;entrepreneur tr\u00e8s souvent sollicit\u00e9 (nous sommes facilement joignables et tr\u00e8s r\u00e9actifs), et \u00e0 des contraintes financi\u00e8res peu extensibles (nous sommes arm\u00e9s pour vous trouver\u00a0des solutions astucieuses, efficaces et pas forc\u00e9ment co\u00fbteuses).<\/p>\n<\/div><\/section><\/p><\/div><\/div><!--close column table wrapper. Autoclose:  --><\/p>\n<\/div><\/div><\/div><div data-av-tab-section-content=\"3\" class=\"av-layout-tab av-animation-delay-container    \" style='vertical-align:middle; background-color:#35383c; ' data-av-tab-color='#35383c' data-av-tab-bg-color='#35383c' ><div class='av-layout-tab-inner'><div class='container'><p><div class='flex_column_table av-equal-height-column-flextable' ><div class=\"flex_column av_three_fifth  flex_column_table_cell av-equal-height-column av-align-middle av-zero-column-padding first  \" style='border-radius:0px; '><p><div style='padding-bottom:0px;color:#ffffff;font-size:30px;' class='av-special-heading av-special-heading-h1 custom-color-heading blockquote modern-quote   av-inherit-size'><h1 class='av-special-heading-tag'  itemprop=\"headline\"  >Un seul interlocuteur pour vous<\/h1><div class='special-heading-border'><div class='special-heading-inner-border' style='border-color:#ffffff'><\/div><\/div><\/div><br \/>\n<div style=' margin-top:30px; margin-bottom:30px;'  class='hr hr-custom hr-left hr-icon-no '><span class='hr-inner   inner-border-av-border-fat' style=' width:50px; border-color:#ffffff;' ><span class='hr-inner-style'><\/span><\/span><\/div><br \/>\n<section class=\"av_textblock_section\"  itemscope=\"itemscope\" itemtype=\"https:\/\/schema.org\/CreativeWork\" ><div class='avia_textblock  av_inherit_color'  style='color:#ffffff; '  itemprop=\"text\" ><p>Vous avez<strong> un seul interlocuteur privil\u00e9gi\u00e9 tout au long de la mission<\/strong> que vous nous confiez. C&rsquo;est nous qui nous chargeons en interne de garder la relation quotidienne et op\u00e9rationnelle, avec tous les\u00a0autres intervenants de votre dossier en cours.<\/p>\n<\/div><\/section><\/p><\/div><div class='av-flex-placeholder'><\/div><div class=\"flex_column av_two_fifth  flex_column_table_cell av-equal-height-column av-align-middle av-zero-column-padding   \" style='border-radius:0px; '><p><br \/>\n<div class='avia-image-container  av-styling-   avia-align-center '  itemscope=\"itemscope\" itemtype=\"https:\/\/schema.org\/ImageObject\"  ><div class='avia-image-container-inner'><img class='avia_image ' src='https:\/\/www.popap.fr\/wp-content\/uploads\/2017\/10\/iStock-585064444.jpg' alt='' title='Un seul interlocuteur chez Pop AP Conseil'   itemprop=\"thumbnailUrl\"  \/><\/div><\/div><\/p><\/div><\/div><!--close column table wrapper. Autoclose:  --><\/p>\n<\/div><\/div><\/div>\n<\/div><\/div><\/div>\n<\/div><\/div><\/div><!-- close content main div --><\/div><\/div><div id='av_section_1' class='avia-section main_color avia-section-huge avia-no-border-styling av-section-color-overlay-active avia-bg-style-scroll  container_wrap sidebar_right' style = 'background-color: #40bad2; '  ><div class='av-section-color-overlay-wrap'><div class='av-section-color-overlay' style='opacity: 0.9; background-color: #40bad2; '><\/div><a href='#next-section' title='' class='scroll-down-link' aria-hidden='true' data-av_icon='\ue877' data-av_iconfont='entypo-fontello'><\/a><div class='container' ><div class='template-page content  av-content-small alpha units'><div class='post-entry post-entry-type-page post-entry-733'><div class='entry-content-wrapper clearfix'>\n<div class=\"flex_column av_one_fifth  flex_column_div av-zero-column-padding first  \" style='border-radius:0px; '><\/div><div class=\"flex_column av_three_fifth  flex_column_div av-zero-column-padding   \" style='background-color:#40bad2; border-radius:0px; '><p><div style='padding-bottom:20px;color:#ffffff;font-size:40px;' class='av-special-heading av-special-heading-h2 custom-color-heading blockquote modern-quote modern-centered   av-inherit-size'><h2 class='av-special-heading-tag'  itemprop=\"headline\"  > QUELS AVANTAGES DE FAIRE APPEL A \u00ab\u00a0POP AP\u00a0\u00bb ? <\/h2><div class='special-heading-border'><div class='special-heading-inner-border' style='border-color:#ffffff'><\/div><\/div><\/div><br \/>\n<section class=\"av_textblock_section\"  itemscope=\"itemscope\" itemtype=\"https:\/\/schema.org\/CreativeWork\" ><div class='avia_textblock  av_inherit_color'  style='color:#ffffff; '  itemprop=\"text\" ><ul>\n<li>S\u2019appuyer sur un regard externe<\/li>\n<li>Avoir \u00e0 votre disposition des\u00a0experts sur l\u2019ensemble des probl\u00e9matiques et des solutions marketing, finance et communication<\/li>\n<li>B\u00e9n\u00e9ficier\u00a0des solutions sur mesure, de la strat\u00e9gie jusqu&rsquo;\u00e0 la mise en place des actions<\/li>\n<li>Garder la ma\u00eetrise de l\u2019ensemble des d\u00e9cisions<\/li>\n<li>B\u00e9n\u00e9ficier de notre r\u00e9seau de professionnels et de notre carnet d&rsquo;adresses pour\u00a0tous vos besoins d&rsquo;entreprise<\/li>\n<\/ul>\n<\/div><\/section><br \/>\n<div style='padding-bottom:20px;color:#ffffff;font-size:40px;' class='av-special-heading av-special-heading-h2 custom-color-heading blockquote modern-quote modern-centered   av-inherit-size'><h2 class='av-special-heading-tag'  itemprop=\"headline\"  >ET SURTOUT POUR :<\/h2><div class='special-heading-border'><div class='special-heading-inner-border' style='border-color:#ffffff'><\/div><\/div><\/div><br \/>\n<section class=\"av_textblock_section\"  itemscope=\"itemscope\" itemtype=\"https:\/\/schema.org\/CreativeWork\" ><div class='avia_textblock  av_inherit_color'  style='color:#ffffff; '  itemprop=\"text\" ><ul>\n<li>Trouver une approche dite \u00ab\u00a0solutions\u00a0\u00bb<\/li>\n<li>B\u00e9n\u00e9ficier d&rsquo;un service unique de Flexibilit\u00e9, Disponibilit\u00e9 &amp; Prix<\/li>\n<li>Avoir un seul interlocuteur pour l&rsquo;ensemble des questions de marketing, finances et communication<\/li>\n<\/ul>\n<\/div><\/section><\/p><\/div><div class=\"flex_column av_one_fifth  flex_column_div av-zero-column-padding   \" style='border-radius:0px; '><\/div>\n<\/div><\/div><\/div><!-- close content main div --><\/div><\/div><\/div><div id='after_section_1' class='main_color av_default_container_wrap container_wrap sidebar_right'   ><div class='container' ><div class='template-page content  av-content-small alpha units'><div class='post-entry post-entry-type-page post-entry-733'><div class='entry-content-wrapper clearfix'>\n<div class='avia-button-wrap avia-button-center '><a href='https:\/\/www.popap.fr\/index.php\/contact\/' class='avia-button  avia-icon_select-yes-left-icon avia-color-custom avia-size-x-large avia-position-center '  target=\"_blank\"  style='background-color:#e22006; border-color:#e22006; color:#ffffff; ' ><span class='avia_button_icon avia_button_icon_left ' aria-hidden='true' data-av_icon='\ue81f' data-av_iconfont='entypo-fontello'><\/span><span class='avia_iconbox_title' >CONTACTEZ-NOUS<\/span><\/a><\/div>\n","protected":false},"excerpt":{"rendered":"","protected":false},"author":1,"featured_media":0,"parent":0,"menu_order":0,"comment_status":"closed","ping_status":"closed","template":"","meta":[],"yoast_head":"<!-- This site is optimized with the Yoast SEO plugin v15.3 - https:\/\/yoast.com\/wordpress\/plugins\/seo\/ -->\n<title>VALEUR AJOUTEE - POP AP<\/title>\n<meta name=\"robots\" content=\"index, follow, max-snippet:-1, max-image-preview:large, max-video-preview:-1\" \/>\n<link rel=\"canonical\" href=\"https:\/\/www.popap.fr\/index.php\/valeursajoutee\/\" \/>\n<meta property=\"og:locale\" content=\"fr_FR\" \/>\n<meta property=\"og:type\" content=\"article\" \/>\n<meta property=\"og:title\" content=\"VALEUR AJOUTEE - POP AP\" \/>\n<meta property=\"og:url\" content=\"https:\/\/www.popap.fr\/index.php\/valeursajoutee\/\" \/>\n<meta property=\"og:site_name\" content=\"POP AP\" \/>\n<meta property=\"article:modified_time\" content=\"2017-12-30T20:08:24+00:00\" \/>\n<meta name=\"twitter:card\" content=\"summary_large_image\" \/>\n<meta name=\"twitter:label1\" content=\"\u00c9crit par\">\n\t<meta name=\"twitter:data1\" content=\"andrea\">\n\t<meta name=\"twitter:label2\" content=\"Dur\u00e9e de lecture est.\">\n\t<meta name=\"twitter:data2\" content=\"8 minutes\">\n<script type=\"application\/ld+json\" class=\"yoast-schema-graph\">{\"@context\":\"https:\/\/schema.org\",\"@graph\":[{\"@type\":[\"Person\",\"Organization\"],\"@id\":\"https:\/\/www.popap.fr\/#\/schema\/person\/1b35b44cefd7538c5b9431ffd77241a1\",\"name\":\"andrea\",\"image\":{\"@type\":\"ImageObject\",\"@id\":\"https:\/\/www.popap.fr\/#personlogo\",\"inLanguage\":\"fr-FR\",\"url\":\"https:\/\/secure.gravatar.com\/avatar\/7488f28436650bb7e4fa5a5dd33df135?s=96&d=mm&r=g\",\"caption\":\"andrea\"},\"logo\":{\"@id\":\"https:\/\/www.popap.fr\/#personlogo\"}},{\"@type\":\"WebSite\",\"@id\":\"https:\/\/www.popap.fr\/#website\",\"url\":\"https:\/\/www.popap.fr\/\",\"name\":\"POP AP\",\"description\":\"Conseil en marketing et d\\u00e9veloppement pour Petites Entreprises\",\"publisher\":{\"@id\":\"https:\/\/www.popap.fr\/#\/schema\/person\/1b35b44cefd7538c5b9431ffd77241a1\"},\"potentialAction\":[{\"@type\":\"SearchAction\",\"target\":\"https:\/\/www.popap.fr\/?s={search_term_string}\",\"query-input\":\"required name=search_term_string\"}],\"inLanguage\":\"fr-FR\"},{\"@type\":\"WebPage\",\"@id\":\"https:\/\/www.popap.fr\/index.php\/valeursajoutee\/#webpage\",\"url\":\"https:\/\/www.popap.fr\/index.php\/valeursajoutee\/\",\"name\":\"VALEUR AJOUTEE - POP AP\",\"isPartOf\":{\"@id\":\"https:\/\/www.popap.fr\/#website\"},\"datePublished\":\"2017-10-28T22:04:15+00:00\",\"dateModified\":\"2017-12-30T20:08:24+00:00\",\"inLanguage\":\"fr-FR\",\"potentialAction\":[{\"@type\":\"ReadAction\",\"target\":[\"https:\/\/www.popap.fr\/index.php\/valeursajoutee\/\"]}]}]}<\/script>\n<!-- \/ Yoast SEO plugin. -->","_links":{"self":[{"href":"https:\/\/www.popap.fr\/index.php\/wp-json\/wp\/v2\/pages\/733"}],"collection":[{"href":"https:\/\/www.popap.fr\/index.php\/wp-json\/wp\/v2\/pages"}],"about":[{"href":"https:\/\/www.popap.fr\/index.php\/wp-json\/wp\/v2\/types\/page"}],"author":[{"embeddable":true,"href":"https:\/\/www.popap.fr\/index.php\/wp-json\/wp\/v2\/users\/1"}],"replies":[{"embeddable":true,"href":"https:\/\/www.popap.fr\/index.php\/wp-json\/wp\/v2\/comments?post=733"}],"version-history":[{"count":98,"href":"https:\/\/www.popap.fr\/index.php\/wp-json\/wp\/v2\/pages\/733\/revisions"}],"predecessor-version":[{"id":4343,"href":"https:\/\/www.popap.fr\/index.php\/wp-json\/wp\/v2\/pages\/733\/revisions\/4343"}],"wp:attachment":[{"href":"https:\/\/www.popap.fr\/index.php\/wp-json\/wp\/v2\/media?parent=733"}],"curies":[{"name":"wp","href":"https:\/\/api.w.org\/{rel}","templated":true}]}}