{"id":2,"date":"2016-09-06T10:25:02","date_gmt":"2016-09-06T09:25:02","guid":{"rendered":"http:\/\/www.popap.fr\/?page_id=2"},"modified":"2017-11-20T10:31:06","modified_gmt":"2017-11-20T09:31:06","slug":"nos-prestations","status":"publish","type":"page","link":"https:\/\/www.popap.fr\/index.php\/nos-prestations\/","title":{"rendered":"NOS PRESTATIONS"},"content":{"rendered":"<section class=\"av_textblock_section\"  itemscope=\"itemscope\" itemtype=\"https:\/\/schema.org\/CreativeWork\" ><div class='avia_textblock '   itemprop=\"text\" ><h1><span style=\"color: #33cccc;\"><strong>CONSEILS\u00a0 &amp; ACCOMPAGNEMENT EN MARKETING<\/strong><\/span><\/h1>\n<ul>\n<li>Etudes qualitatives<\/li>\n<li>Strat\u00e9gie marketing (analyse de votre stucture, positionnement et diff\u00e9renciation, mod\u00e8le \u00e9conomique, objectifs et choix des axes de d\u00e9veloppement, plan marketing)<\/li>\n<li>Strat\u00e9gie de communication (pistes concr\u00e8tes)<\/li>\n<li>Axes de communication (forme et fond)<\/li>\n<li>Site internet (mise en place ou optimisation)<\/li>\n<li>Organisation interne (priorit\u00e9s et urgences, d\u00e9l\u00e9gation)<\/li>\n<li>Recherche du financement<\/li>\n<li>Mise en relation avec des financeurs et des banques, en fonction de vos besoins<\/li>\n<li>Elaboration et r\u00e9daction du Business Plan<\/li>\n<\/ul>\n<h2><strong><span style=\"color: #33cccc;\">EXTERNALISATION DU SERVICE MARKETING<\/span><\/strong><\/h2>\n<ul>\n<li>Mise en oeuvre du plan marketing<\/li>\n<li>Suivi des indicateurs de performance, plans d&rsquo;action rectificatifs<\/li>\n<li>Community management<\/li>\n<\/ul>\n<h3 style=\"text-align: center;\"><a href=\"mailto:andrea@popap.fr\"><strong><span style=\"color: #993366;\">CONTACTEZ-NOUS POUR UN ENTRETIEN GRATUIT <\/span><\/strong><\/a><\/h3>\n<h3 style=\"text-align: center;\"><strong><span style=\"color: #993366;\">OU POUR UN\u00a0DEVIS\u00a0CORRESPONDANT A VOS BESOINS<\/span><\/strong><\/h3>\n<p style=\"text-align: center;\"><span style=\"color: #993366;\">Pop AP est joignable du Lundi au Vendredi<\/span><\/p>\n<p style=\"text-align: center;\"><span style=\"color: #993366;\">06 13 60 74 09<\/span><\/p>\n<p style=\"text-align: center;\"><a href=\"mailto:andrea@popap.fr\">andrea@popap.fr<\/a><\/p>\n<\/div><\/section>\n<\/div><\/div><\/div><!-- close content main div --><\/div><\/div><div id='av_section_1' class='avia-section main_color avia-section-default avia-no-shadow avia-bg-style-scroll  container_wrap sidebar_right'   ><div class='container' ><div class='template-page content  av-content-small alpha units'><div class='post-entry post-entry-type-page post-entry-2'><div class='entry-content-wrapper clearfix'>\n<article class=\"iconbox iconbox_top main_color   \"  itemscope=\"itemscope\" itemtype=\"https:\/\/schema.org\/CreativeWork\" ><div class=\"iconbox_content\"><header class=\"entry-content-header\"><div class=\"iconbox_icon heading-color\" aria-hidden='true' data-av_icon='\ue854' data-av_iconfont='entypo-fontello'  ><\/div><h3 class='iconbox_content_title'  itemprop=\"headline\"  >Contactez nous<\/h3><\/header><div class='iconbox_content_container '  itemprop=\"text\"  ><p>POur tout devis gratuit&#8230;..<\/p>\n<\/div><\/div><footer class=\"entry-footer\"><\/footer><\/article>\n<\/div><\/div><\/div><!-- close content main div --><\/div><\/div><div id='after_section_1' class='main_color av_default_container_wrap container_wrap sidebar_right'   ><div class='container' ><div class='template-page content  av-content-small alpha units'><div class='post-entry post-entry-type-page post-entry-2'><div class='entry-content-wrapper clearfix'>\n","protected":false},"excerpt":{"rendered":"","protected":false},"author":1,"featured_media":0,"parent":0,"menu_order":3,"comment_status":"closed","ping_status":"closed","template":"","meta":[],"yoast_head":"<!-- This site is optimized with the Yoast SEO plugin v15.3 - https:\/\/yoast.com\/wordpress\/plugins\/seo\/ -->\n<title>NOS PRESTATIONS - POP AP<\/title>\n<meta name=\"robots\" content=\"index, follow, max-snippet:-1, max-image-preview:large, max-video-preview:-1\" \/>\n<link rel=\"canonical\" href=\"https:\/\/www.popap.fr\/index.php\/nos-prestations\/\" \/>\n<meta property=\"og:locale\" content=\"fr_FR\" \/>\n<meta property=\"og:type\" content=\"article\" \/>\n<meta property=\"og:title\" content=\"NOS PRESTATIONS - POP AP\" \/>\n<meta property=\"og:url\" content=\"https:\/\/www.popap.fr\/index.php\/nos-prestations\/\" \/>\n<meta property=\"og:site_name\" content=\"POP AP\" \/>\n<meta property=\"article:modified_time\" content=\"2017-11-20T09:31:06+00:00\" \/>\n<meta name=\"twitter:card\" content=\"summary_large_image\" \/>\n<meta name=\"twitter:label1\" content=\"\u00c9crit par\">\n\t<meta name=\"twitter:data1\" content=\"andrea\">\n\t<meta name=\"twitter:label2\" content=\"Dur\u00e9e de lecture est.\">\n\t<meta name=\"twitter:data2\" content=\"1 minute\">\n<script type=\"application\/ld+json\" class=\"yoast-schema-graph\">{\"@context\":\"https:\/\/schema.org\",\"@graph\":[{\"@type\":[\"Person\",\"Organization\"],\"@id\":\"https:\/\/www.popap.fr\/#\/schema\/person\/1b35b44cefd7538c5b9431ffd77241a1\",\"name\":\"andrea\",\"image\":{\"@type\":\"ImageObject\",\"@id\":\"https:\/\/www.popap.fr\/#personlogo\",\"inLanguage\":\"fr-FR\",\"url\":\"https:\/\/secure.gravatar.com\/avatar\/7488f28436650bb7e4fa5a5dd33df135?s=96&d=mm&r=g\",\"caption\":\"andrea\"},\"logo\":{\"@id\":\"https:\/\/www.popap.fr\/#personlogo\"}},{\"@type\":\"WebSite\",\"@id\":\"https:\/\/www.popap.fr\/#website\",\"url\":\"https:\/\/www.popap.fr\/\",\"name\":\"POP AP\",\"description\":\"Conseil en marketing et d\\u00e9veloppement pour Petites Entreprises\",\"publisher\":{\"@id\":\"https:\/\/www.popap.fr\/#\/schema\/person\/1b35b44cefd7538c5b9431ffd77241a1\"},\"potentialAction\":[{\"@type\":\"SearchAction\",\"target\":\"https:\/\/www.popap.fr\/?s={search_term_string}\",\"query-input\":\"required name=search_term_string\"}],\"inLanguage\":\"fr-FR\"},{\"@type\":\"WebPage\",\"@id\":\"https:\/\/www.popap.fr\/index.php\/nos-prestations\/#webpage\",\"url\":\"https:\/\/www.popap.fr\/index.php\/nos-prestations\/\",\"name\":\"NOS PRESTATIONS - POP AP\",\"isPartOf\":{\"@id\":\"https:\/\/www.popap.fr\/#website\"},\"datePublished\":\"2016-09-06T09:25:02+00:00\",\"dateModified\":\"2017-11-20T09:31:06+00:00\",\"inLanguage\":\"fr-FR\",\"potentialAction\":[{\"@type\":\"ReadAction\",\"target\":[\"https:\/\/www.popap.fr\/index.php\/nos-prestations\/\"]}]}]}<\/script>\n<!-- \/ Yoast SEO plugin. -->","_links":{"self":[{"href":"https:\/\/www.popap.fr\/index.php\/wp-json\/wp\/v2\/pages\/2"}],"collection":[{"href":"https:\/\/www.popap.fr\/index.php\/wp-json\/wp\/v2\/pages"}],"about":[{"href":"https:\/\/www.popap.fr\/index.php\/wp-json\/wp\/v2\/types\/page"}],"author":[{"embeddable":true,"href":"https:\/\/www.popap.fr\/index.php\/wp-json\/wp\/v2\/users\/1"}],"replies":[{"embeddable":true,"href":"https:\/\/www.popap.fr\/index.php\/wp-json\/wp\/v2\/comments?post=2"}],"version-history":[{"count":76,"href":"https:\/\/www.popap.fr\/index.php\/wp-json\/wp\/v2\/pages\/2\/revisions"}],"predecessor-version":[{"id":3325,"href":"https:\/\/www.popap.fr\/index.php\/wp-json\/wp\/v2\/pages\/2\/revisions\/3325"}],"wp:attachment":[{"href":"https:\/\/www.popap.fr\/index.php\/wp-json\/wp\/v2\/media?parent=2"}],"curies":[{"name":"wp","href":"https:\/\/api.w.org\/{rel}","templated":true}]}}